- 767bb?
-7679a
In base 8, what is 43770625 + -1?
43770624
In base 3, what is -2 - -20221021122002?
20221021122000
In base 7, what is -500024306 - 0?
-500024306
In base 14, what is 3c5c49b + -2?
3c5c499
In base 7, what is 565216 + -1401?
563515
In base 3, what is -1021202202002101101 + -1?
-1021202202002101102
In base 5, what is 1 - 432101233?
-432101232
In base 12, what is 4773 - 11?
4762
In base 13, what is -1095233 + 5?
-109522b
In base 7, what is -5346346540 + 4?
-5346346533
In base 6, what is -3355 - -422011?
414212
In base 10, what is 1470707 + 17?
1470724
In base 3, what is -1 - -220012121102201?
220012121102200
In base 13, what is 5 - 100c2288?
-100c2283
In base 11, what is 1685 + -4a1a8?
-48623
In base 13, what is 198c + -465c8?
-44939
In base 13, what is -b0712b + 1?
-b0712a
In base 15, what is 2b + -2640dd?
-2640b2
In base 7, what is -1026646345 - -40?
-1026646305
In base 3, what is 11211222120 - -22?
11211222212
In base 8, what is 7265070 - 632?
7264236
In base 4, what is 1321022 - 131023310?
-123102222
In base 4, what is -22122123 - 13020?
-22201203
In base 9, what is -2874416 + 136?
-2874270
In base 5, what is 2331440 + -1000?
2330440
In base 13, what is 1a0495 + 383?
1a0848
In base 4, what is -11331211313031 + 10?
-11331211313021
In base 11, what is -2 - 46264a6?
-46264a8
In base 15, what is 5c + 1e7e90?
1e7eec
In base 5, what is 1141110032 + 1212?
1141111244
In base 10, what is 25157 - -794?
25951
In base 2, what is 10 + -1001111010010101010000?
-1001111010010101001110
In base 9, what is 164548 - 231?
164317
In base 3, what is 1012022011100 - 2010?
1012022002020
In base 16, what is 35f32f - -1?
35f330
In base 15, what is -e - -47412e?
474120
In base 10, what is -3927 - 6062?
-9989
In base 2, what is 0 - -1100111100100111110010?
1100111100100111110010
In base 12, what is -52 - -2767683?
2767631
In base 3, what is 102211 - -10021210022?
10022020010
In base 2, what is 10010011101010011111110 - -100101?
10010011101010100100011
In base 16, what is 1f + -16f3e?
-16f1f
In base 6, what is -5 - 14011355023?
-14011355032
In base 3, what is -21021112 + -22222000?
-121020112
In base 2, what is 1000100010011 + -1111100010011?
-111000000000
In base 6, what is -100014 + -24505?
-124523
In base 12, what is 1 - -1164a023?
1164a024
In base 15, what is 781 + d61?
15e2
In base 9, what is 42318 - 10412?
31806
In base 15, what is -194ee + 0?
-194ee
In base 13, what is 1270c5 - ba?
127008
In base 16, what is 6 + -9a6311?
-9a630b
In base 12, what is -4553190 + 24?
-4553168
In base 13, what is -450757 + 7?
-450750
In base 3, what is 10200 + -220200011?
-220112111
In base 9, what is -740242183 + 5?
-740242177
In base 15, what is -95ad8e - -3?
-95ad8b
In base 8, what is -45511470 + 4?
-45511464
In base 11, what is -75a51 - 43?
-75a94
In base 16, what is -1908 + 296?
-1672
In base 16, what is -13ce5f1 + 10?
-13ce5e1
In base 4, what is 11021110122 - 1222?
11021102300
In base 7, what is 15213 + 23105?
41321
In base 10, what is -31482 - 354?
-31836
In base 8, what is 4 - -1464526227?
1464526233
In base 15, what is 0 + 29ae45?
29ae45
In base 10, what is 63 + -33463?
-33400
In base 13, what is -3a99a56b4 + 1?
-3a99a56b3
In base 14, what is 0 - 583a69d?
-583a69d
In base 7, what is -5025540 - 42?
-5025612
In base 16, what is -342f03 - 4?
-342f07
In base 5, what is -31 - -30111410?
30111324
In base 14, what is 6d5963b - -2?
6d5963d
In base 3, what is 11020 - -1220100202010?
1220100220100
In base 11, what is -26 + -4a09904?
-4a0992a
In base 3, what is 10 + 100010112011122?
100010112011202
In base 8, what is -5743 + 17351?
11406
In base 8, what is -276515402 + -16?
-276515420
In base 6, what is -3 - 252512552?
-252512555
In base 7, what is 1206312 - 553?
1205426
In base 10, what is -40531 - -514?
-40017
In base 9, what is 7 + -2182104?
-2182086
In base 15, what is b2a6a - 2c?
b2a3d
In base 13, what is 66 - -4a69c?
4a735
In base 12, what is 0 + -2873511?
-2873511
In base 6, what is 4233540423 - -5?
4233540432
In base 15, what is 32 - 13c1c?
-13bda
In base 11, what is 49 - -3286614?
3286662
In base 6, what is 5 - -2252400453?
2252400502
In base 7, what is -115362 + -2141?
-120533
In base 11, what is -26 + 306a459?
306a433
In base 11, what is 84526 - -224?
8474a
In base 6, what is -435424320 + -101?
-435424421
In base 2, what is -11101001110111101 + 1001110011010?
-11100000000100011
In base 11, what is 4178039 + 8?
4178046
In base 16, what is -5cb - -c98?
6cd
In base 12, what is -45433a - 5?
-454343
In base 11, what is -7 - 3a6711?
-3a6718
In base 14, what is 67938da - 4?
67938d6
In base 7, what is 2 - 113365211?
-113365206
In base 6, what is -223 + -54201323?
-54201550
In base 10, what is -1509 + -98826?
-100335
In base 13, what is 4 - -3451b1?
3451b5
In base 4, what is -301 - -1231013030?
1231012123
In base 15, what is -371d1 + -3?
-371d4
In base 4, what is 3121 - 110332322?
-110323201
In base 5, what is -1334 - 34203?
-41042
In base 12, what is -32a726 - 15?
-32a73b
In base 16, what is -1aa2ac - -1d?
-1aa28f
In base 12, what is 47979 - -239?
47bb6
In base 6, what is -1222 + -1502553?
-1504215
In base 7, what is -334 + -124054?
-124421
In base 3, what is -2110111122220 + 201020?
-2110110221200
In base 13, what is 0 + -21420c?
-21420c
In base 11, what is -374 + 8980?
8607
In base 16, what is 5 + -10ab021?
-10ab01c
In base 7, what is -14 + 52235?
52221
In base 5, what is -222332103 + -1404?
-222334012
In base 11, what is -245 - 1662?
-18a7
In base 5, what is 4102 + -11203?
-2101
In base 4, what is -30201 - -2122230?
2032023
In base 6, what is -10332 + -31531250?
-31542022
In base 6, what is 110 - -200012?
200122
In base 16, what is -250 + -3137?
-3387
In base 3, what is -21220212100101 + -1111?
-21220212101212
In base 4, what is -1102112300003 - 2?
-1102112300011
In base 7, what is 120 + 551423?
551543
In base 13, what is 1609 + 111196?
1127a2
In base 5, what is -22340043224 - 2?
-22340043231
In base 4, what is -112 + 12010313331?
12010313213
In base 11, what is -18 - -3535055?
3535038
In base 8, what is -40253 + 215?
-40036
In base 8, what is 5 - 217136177?
-217136172
In base 14, what is 40 + -578062?
-578022
In base 5, what is -2121 - 42122031?
-42124202
In base 2, what is -111000101000 + 11111101101?
-11000111011
In base 16, what is 3dd + 2893?
2c70
In base 2, what is -10 + 10000110011101011011000111010?
10000110011101011011000111000
In base 2, what is 111 + -11011100100000111001?
-11011100100000110010
In base 9, what is -3528 - 53471?
-57110
In base 16, what is -3915 - 16c6?
-4fdb
In base 7, what is 13610633 - -4?
13610640
In base 2, what is -11 - -111000000001010010101010110?
111000000001010010101010011
In base 6, what is -5 + -102241353?
-102241402
In base 2, what is -1011 + -10001101011011000001000001?
-10001101011011000001001100
In base 16, what is -d9b48c + 3?
-d9b489
In base 14, what is 116 + -619d?
-6087
In base 6, what is 353145103 - -10?
353145113
In base 10, what is -3514 - 30?
-3544
In base 9, what is -1025 - -26741?
25715
In base 6, what is 4355 - 3310?
1045
In base 6, what is 502 - 2510310?
-2505404
In base 15, what is -cb28b5 + 4?
-cb28b1
In base 2, what is -111100100011111011100110 + 1100?
-111100100011111011011010
In base 15, what is -20aeea - 1a?
-20b015
In base 13, what is 1 + a71bb?
a71bc
In base 4, what is -1020120310012 - 2?
-1020120310020
In base 13, what is 3 + 1055247?
105524a
In base 11, what is -887 - 27a5?
-3581
In base 16, what is -16 - 298fb89?
-298fb9f
In base 14, what is 16d03c5 - 3?
16d03c2
In base 4, what is -1 + -203320123012?
-203320123013
In base 6, what is -5542413515 + -5?
-5542413524
In base 10, what is 785971 + 776?
786747
In base 4, what is -21023121 - -10312?
-21012203
In base 4, what is 11 - -330212110023?
330212110100
In base 16, what is 55a2 - -9e7?
5f89
In base 8, what is 710 + -54556?
-53646
In base 14, what is 24b4 - 8282?
-5bac
In base 3, what is -1021020 - -212110112?
211012022
In base 2, what is 1 + -100010010111001100111111?
-100010010111001100111110
In base 8, what is 72 + 167417?
167511
In base 10, what is 14413 - 64601?
-50188
In base 4, what is -30112333 - 11002?
-30130001
In base 3, what is 121002000021022120 + -12?
121002000021022101
In base 4, what is -12 + -2012113211?
-2012113223
In base 9, what is 